ainder when y is divided by (-384)/(-864) - s/18?
19
Let w be 8/20 - (-3536)/10. Let k = -325 + w. Calculate the remainder when 55 is divided by k.
26
Let r = 738 + -724. Suppose 0 = a - 0*a - 12. Let z(k) = k**2 - 9*k + 3. What is the remainder when z(a) is divided by r?
11
Suppose b + 11 = 3*y, y - 1 = -3*b + 16. Suppose 0 = 12*x - 7*x - b*v - 15, -4*x + 12 = 5*v. Calculate the remainder when 45 is divided by x.
0
Suppose -12996 = -560*n + 541*n. What is the remainder when n is divided by 679?
5
Suppose 2*y = y + 3*u - 299, -5*u = -y - 291. Suppose -14*d = -19*d - 0*d - 2270. Let s = y - d. Calculate the remainder when s is divided by 36.
35
Let a(n) = 12*n + 78. Let s be a(-5). Suppose s*o + 130 = 23*o. Calculate the remainder when o is divided by 2/((-16)/10)*-4.
1
Suppose -44*a = -22*a - 2046. Let x = 215 - a. Calculate the remainder when x is divided by 6.
2
Let p be (-40)/6*123/(-205). Suppose -p*k = -5*a + 173 + 239, 0 = -4*a + k + 334. What is the remainder when a is divided by 17?
16
Let i(s) = -s**3 - 2*s**2 + s + 2. Let u be i(-2). Suppose 5*x + 13 = c + 9, -5*x + 15 = u. Calculate the remainder when c is divided by 11.
8
Suppose 10*a + 299 = 7289. What is the remainder when a is divided by 37?
33
Suppose -281*o = -304*o + 18285. Calculate the remainder when o is divided by 395.
5
Let q(t) = 229*t - 152. What is the remainder when q(4) is divided by 70?
64
Let y = 193 + -125. Suppose -3*i - 1302*d = -1297*d - 77, -2*d = i - 26. What is the remainder when y is divided by i?
20
Let h(z) = 6*z - 4. Let j be (-12)/(-5)*(-2820)/(-18). Suppose -15*a = -j - 134. Calculate the remainder when a is divided by h(4).
14
Let b = -21 - -38. Let j = -5 + b. Suppose 0 = 9*g - 247 - 68. Calculate the remainder when g is divided by j.
11
Suppose 0 = 8*t - 36 - 4. Suppose -5*p - 4*u + 40 = 0, t*p = -2*u + 33 + 7. Calculate the remainder when p/12*11*(-171)/(-6) is divided by 35.
34
Suppose -2190 = -3*h + 9*g, -16*h + 14*h + 1484 = 2*g. What is the remainder when h is divided by 83?
75
Suppose 5*k + 3*v - 605 = v, -4*k = -3*v - 507. Let h = k - 92. Calculate the remainder when 48 is divided by h.
17
Suppose 4*h = -0*s - 2*s + 258, 3*s + 328 = 5*h. Let f(t) = -t**2 - 57*t + 467. Calculate the remainder when h is divided by f(7).
8
Let m(x) = -x**2 + 7*x. Suppose 5 = 5*a - 3*d - 109, 47 = 2*a - d. Calculate the remainder when a is divided by m(5).
7
Suppose -167*p + 42404 = 187*p - 87514. What is the remainder when p is divided by 24?
7
Let b = 56 + -50. Let t(k) = -k**2 - 31*k + 32. Calculate the remainder when t(-7) is divided by b.
2
Suppose 0 = 3*k - 5*n - 36 + 16, -4*n + 8 = 0. Calculate the remainder when 1398 is divided by k.
8
Let b = -18737 - -18795. What is the remainder when 71 is divided by b?
13
Let c(l) = 70*l + 54. Let h(k) = -20*k - 1. Let q(i) = -i**3 - 3*i**2 - 3*i - 3. Let b be q(-2). What is the remainder when c(0) is divided by h(b)?
16
Suppose w = 2*f + 51, 3*w - 5*f - 128 = 27. Calculate the remainder when 306 is divided by w.
31
Let v be (132/(-24))/(1/(-2)). Suppose 6*y = -v*y + 1088. Calculate the remainder when 445 is divided by y.
61
Calculate the remainder when (-1)/(14/(-6)) - 18156/(-63)*3 is divided by 286.
7
Let p be (600/250)/((-3)/70). Let x = -43 - p. Let g = -19 - -53. Calculate the remainder when g is divided by x.
8
Let d(a) = -57*a + 629. Calculate the remainder when 923 is divided by d(7).
3
Let r(p) = -112*p**3 - 3*p**2 + 4. Calculate the remainder when r(-1) is divided by 50.
13
Let t(z) = -7*z - 142. Let w(n) = 4*n**2 - 5*n. Let l be w(-5). Suppose -l = -0*a - 5*a. Calculate the remainder when t(-27) is divided by a.
22
Let k(p) = 9 - 6 + 0 + 4*p. Calculate the remainder when k(5) is divided by 5/10 + (-18)/(-4).
3
Let u = -2415 + 2481. What is the remainder when 5674 is divided by u?
64
Let o = -6137 + 6559. Calculate the remainder when o is divided by 67.
20
What is the remainder when (-852)/(-11076) + (-200510)/(-26) + -1 is divided by 32?
31
Calculate the remainder when ((-7413)/(-84))/(3/12) is divided by 111.
20
Let p(t) = 3*t + 14. Let x be p(-5). Let y be (-210)/(-36)*(-6)/x. Suppose -y = -12*m + 7*m. What is the remainder when m is divided by 6?
1
Let d(q) = 4*q + 3*q**2 + 4*q - 4*q - q**2 + 16. What is the remainder when d(-8) is divided by (23/(-4))/(12/(-48))?
20
Suppose -13639 = -10*g - 4399. Let y = g - 818. What is the remainder when y is divided by 36?
34
Let n = 37 + -11. Suppose -3*o = 31 - 43. Suppose 5*u = -4*a + 119 + 384, 4 = -o*u. Calculate the remainder when a is divided by n.
23
Let v(o) = -19*o + 1090. Calculate the remainder when 619 is divided by v(47).
28
Let i = -266 + 1778. What is the remainder when i is divided by 33?
27
Suppose 2*l - 13 = -f - 0*l, 0 = -2*l + 10. Suppose -5*a + f*g + 164 = -0*g, 178 = 5*a + 4*g. Calculate the remainder when a is divided by 6.
4
Let k(s) = -9*s + 871. Calculate the remainder when k(92) is divided by 26.
17
Let m(u) = -u**2 + 7*u + 5. Suppose d = 2*q, -4*d + 9 = -3*d + q. Suppose 0*s + 3*s = 189. Calculate the remainder when s is divided by m(d).
8
Let o(t) = 6*t**2 + 458*t - 2742. What is the remainder when o(6) is divided by 112?
110
Let h = -786 + 862. Calculate the remainder when 331 is divided by h.
27
Let v = 2 + 0. Let w(j) = 33 - 135 + 34 + 40 + 31 + 6*j. What is the remainder when 26 is divided by w(v)?
11
Let s(u) = 21*u - 91. Calculate the remainder when s(33) is divided by 155.
137
What is the remainder when 777 is divided by (-83)/(-3) - 1*7/(-21)?
21
Let s be 94/18 + -5 + (-2624)/(-18). Calculate the remainder when 5 + (2 - 9) + s is divided by 75.
69
Suppose 0 = 5*i - 20, 6 + 6 = 2*s + 3*i. Suppose s*p + 625 = 5*p. Calculate the remainder when p is divided by ((-35)/(-14))/(10/8) + 19.
20
Suppose -t = -4, 0 = -4*n + 2*t + 3 + 1. Suppose -n*q - k = -0*q + 2, 0 = -5*q - 5*k. Calculate the remainder when q/(4 - 4 - 1/29) is divided by 15.
14
Suppose 4*d + 4*g - 12 = 0, 3*g = -3*d + d + 6. Suppose -4*o + 3*j = -45, 0 = -d*j - 7 - 2. What is the remainder when 32 is divided by o?
5
Let m(t) = -t**2 - t + 3. Let c be m(2). Calculate the remainder when 4930/30 - 5/c is divided by 56.
54
Suppose -4*a + 5 = -4*c + 45, -3*c - 4*a = -79. What is the remainder when 2202 is divided by c?
9
Let t = -21 + 73. Suppose y - s + 23 = 81, -4*s - t = -y. Calculate the remainder when y is divided by ((-16)/5)/(2/(-10)).
12
Suppose -11*l - 5*s = -15*l + 1019, 511 = 2*l - 3*s. Calculate the remainder when l is divided by 20.
11
Let j be 17/(-51)*(2 - 5). Let x(n) = 4*n + 54. Let q(a) = -a. Let d(g) = j*x(g) + 5*q(g). Calculate the remainder when d(-25) is divided by 27.
25
Let z(h) = -h**2 - 39*h - 176. Calculate the remainder when 1136 is divided by z(-10).
110
Let k be 838/21 - (19/21 - 1). Let h = -28 + k. What is the remainder when 63 is divided by h?
3
What is the remainder when 90 is divided by ((-480)/(-75))/(-16) + (-14)/(-10)?
0
Let z(n) = 5*n**3 + 8*n**2 + 17*n - 14. What is the remainder when z(4) is divided by 72?
70
Suppose -10 = 2*u + 2*n, 5*u - 5*n - 1 = 2*u. What is the remainder when 305 is divided by (-3 - (-25 + u)) + -8?
16
Let u be (4/4)/(2*(-2)/(-628)). Let f = u - -2. What is the remainder when f is divided by 40?
39
Let u = -2960 + 3386. What is the remainder when u is divided by 65?
36
Suppose 0 = 28*g - 31*g. Suppose 2*c = -7*m + 2*m + 9, 5*c + 2*m - 75 = g. What is the remainder when 60 is divided by c?
9
Let s(n) = 2*n - 52. Let x be s(28). Suppose -x*u + 0*q + q + 147 = 0, -4*u + 3*q = -137. What is the remainder when 113 is divided by u?
37
Calculate the remainder when 1201 is divided by (14/(-4))/(2408/(-46096)).
62
What is the remainder when (-43)/172*(-1628 + 0) is divided by 11?
0
Suppose -13*s + 24 = -7*s. Suppose -20 = -l - s. What is the remainder when l is divided by 6?
4
Suppose -39*w + 8126 + 379 = 24*w. What is the remainder when w is divided by 42?
9
Let r = 31 - 1. Let f(z) = -598*z + 1 + 596*z - 24*z**2 + 203*z**2. What is the remainder when f(1) is divided by r?
28
Suppose -519 + 501 = 3*t. Calculate the remainder when 178 is divided by 844/20 + t - (-2)/(-10).
34
Let c(u) = -u. Let l(s) = -s**2 - 7*s - 29. Let v(p) = 6*c(p) - l(p). Calculate the remainder when v(0) is divided by ((-16)/10)/((484/22)/(-11